{"id":956,"date":"2018-01-17T22:06:22","date_gmt":"2018-01-18T03:06:22","guid":{"rendered":"https:\/\/importenis.com\/?post_type=product&#038;p=956"},"modified":"2025-01-08T02:07:11","modified_gmt":"2025-01-08T07:07:11","slug":"paquete-50-pares-armalo-gusto","status":"publish","type":"product","link":"https:\/\/saldousa.com\/?product=paquete-50-pares-armalo-gusto","title":{"rendered":"Lote de 50 pares mixtos varias marcas"},"content":{"rendered":"<p>Lote de 50 pares de tenis nuevos marca: Mixtas (originales) Moda deportiva modelos actuales. Obt\u00e9n envi\u00f3 gratis sin cargo adicional a todo M\u00e9xico con garant\u00eda de entrega a domicilio.<\/p>\r\n\r\n<p>&nbsp;<\/p>\r\n","protected":false},"excerpt":{"rendered":"<p>Lote de 50 pares de tenis nuevos marca: Mixtas (originales) Moda deportiva modelos actuales. Obt\u00e9n envi\u00f3 gratis sin cargo adicional a todo M\u00e9xico con garant\u00eda de entrega a domicilio. &nbsp;<\/p>\n","protected":false},"featured_media":3658,"comment_status":"open","ping_status":"closed","template":"","meta":[],"product_cat":[122],"product_tag":[33,107,98,31,32,105,53,106],"yoast_head":"<!-- This site is optimized with the Yoast SEO plugin v19.1 - https:\/\/yoast.com\/wordpress\/plugins\/seo\/ -->\n<title>Lote de 50 pares mixtos varias marcas - Saldousa.com<\/title>\n<meta name=\"robots\" content=\"index, follow, max-snippet:-1, max-image-preview:large, max-video-preview:-1\" \/>\n<link rel=\"canonical\" href=\"https:\/\/saldousa.com\/?product=paquete-50-pares-armalo-gusto\" \/>\n<meta property=\"og:locale\" content=\"es_ES\" \/>\n<meta property=\"og:type\" content=\"article\" \/>\n<meta property=\"og:title\" content=\"Lote de 50 pares mixtos varias marcas - Saldousa.com\" \/>\n<meta property=\"og:description\" content=\"Lote de 50 pares de tenis nuevos marca: Mixtas (originales) Moda deportiva modelos actuales. Obt\u00e9n envi\u00f3 gratis sin cargo adicional a todo M\u00e9xico con garant\u00eda de entrega a domicilio. &nbsp;\" \/>\n<meta property=\"og:url\" content=\"https:\/\/saldousa.com\/?product=paquete-50-pares-armalo-gusto\" \/>\n<meta property=\"og:site_name\" content=\"Saldousa.com\" \/>\n<meta property=\"article:modified_time\" content=\"2025-01-08T07:07:11+00:00\" \/>\n<meta property=\"og:image\" content=\"https:\/\/saldousa.com\/wp-content\/uploads\/2018\/01\/s-l1600-12-1024x683.png\" \/>\n\t<meta property=\"og:image:width\" content=\"1024\" \/>\n\t<meta property=\"og:image:height\" content=\"683\" \/>\n\t<meta property=\"og:image:type\" content=\"image\/png\" \/>\n<meta name=\"twitter:card\" content=\"summary\" \/>\n<meta name=\"twitter:label1\" content=\"Tiempo de lectura\" \/>\n\t<meta name=\"twitter:data1\" content=\"1 minuto\" \/>\n<script type=\"application\/ld+json\" class=\"yoast-schema-graph\">{\"@context\":\"https:\/\/schema.org\",\"@graph\":[{\"@type\":\"WebSite\",\"@id\":\"https:\/\/saldousa.com\/#website\",\"url\":\"https:\/\/saldousa.com\/\",\"name\":\"Saldousa.com\",\"description\":\"Lotes de calzado deportivo tenis Mayorista de las mejores marcas\",\"potentialAction\":[{\"@type\":\"SearchAction\",\"target\":{\"@type\":\"EntryPoint\",\"urlTemplate\":\"https:\/\/saldousa.com\/?s={search_term_string}\"},\"query-input\":\"required name=search_term_string\"}],\"inLanguage\":\"es\"},{\"@type\":\"ImageObject\",\"inLanguage\":\"es\",\"@id\":\"https:\/\/saldousa.com\/?product=paquete-50-pares-armalo-gusto#primaryimage\",\"url\":\"https:\/\/saldousa.com\/wp-content\/uploads\/2018\/01\/s-l1600-12.png\",\"contentUrl\":\"https:\/\/saldousa.com\/wp-content\/uploads\/2018\/01\/s-l1600-12.png\",\"width\":1500,\"height\":1000},{\"@type\":\"WebPage\",\"@id\":\"https:\/\/saldousa.com\/?product=paquete-50-pares-armalo-gusto#webpage\",\"url\":\"https:\/\/saldousa.com\/?product=paquete-50-pares-armalo-gusto\",\"name\":\"Lote de 50 pares mixtos varias marcas - Saldousa.com\",\"isPartOf\":{\"@id\":\"https:\/\/saldousa.com\/#website\"},\"primaryImageOfPage\":{\"@id\":\"https:\/\/saldousa.com\/?product=paquete-50-pares-armalo-gusto#primaryimage\"},\"datePublished\":\"2018-01-18T03:06:22+00:00\",\"dateModified\":\"2025-01-08T07:07:11+00:00\",\"breadcrumb\":{\"@id\":\"https:\/\/saldousa.com\/?product=paquete-50-pares-armalo-gusto#breadcrumb\"},\"inLanguage\":\"es\",\"potentialAction\":[{\"@type\":\"ReadAction\",\"target\":[\"https:\/\/saldousa.com\/?product=paquete-50-pares-armalo-gusto\"]}]},{\"@type\":\"BreadcrumbList\",\"@id\":\"https:\/\/saldousa.com\/?product=paquete-50-pares-armalo-gusto#breadcrumb\",\"itemListElement\":[{\"@type\":\"ListItem\",\"position\":1,\"name\":\"Portada\",\"item\":\"https:\/\/saldousa.com\/\"},{\"@type\":\"ListItem\",\"position\":2,\"name\":\"\",\"item\":\"https:\/\/saldousa.com\/?page_id=4\"},{\"@type\":\"ListItem\",\"position\":3,\"name\":\"Lote de 50 pares mixtos varias marcas\"}]}]}<\/script>\n<!-- \/ Yoast SEO plugin. -->","yoast_head_json":{"title":"Lote de 50 pares mixtos varias marcas - Saldousa.com","robots":{"index":"index","follow":"follow","max-snippet":"max-snippet:-1","max-image-preview":"max-image-preview:large","max-video-preview":"max-video-preview:-1"},"canonical":"https:\/\/saldousa.com\/?product=paquete-50-pares-armalo-gusto","og_locale":"es_ES","og_type":"article","og_title":"Lote de 50 pares mixtos varias marcas - Saldousa.com","og_description":"Lote de 50 pares de tenis nuevos marca: Mixtas (originales) Moda deportiva modelos actuales. Obt\u00e9n envi\u00f3 gratis sin cargo adicional a todo M\u00e9xico con garant\u00eda de entrega a domicilio. &nbsp;","og_url":"https:\/\/saldousa.com\/?product=paquete-50-pares-armalo-gusto","og_site_name":"Saldousa.com","article_modified_time":"2025-01-08T07:07:11+00:00","og_image":[{"width":1024,"height":683,"url":"https:\/\/saldousa.com\/wp-content\/uploads\/2018\/01\/s-l1600-12-1024x683.png","type":"image\/png"}],"twitter_card":"summary","twitter_misc":{"Tiempo de lectura":"1 minuto"},"schema":{"@context":"https:\/\/schema.org","@graph":[{"@type":"WebSite","@id":"https:\/\/saldousa.com\/#website","url":"https:\/\/saldousa.com\/","name":"Saldousa.com","description":"Lotes de calzado deportivo tenis Mayorista de las mejores marcas","potentialAction":[{"@type":"SearchAction","target":{"@type":"EntryPoint","urlTemplate":"https:\/\/saldousa.com\/?s={search_term_string}"},"query-input":"required name=search_term_string"}],"inLanguage":"es"},{"@type":"ImageObject","inLanguage":"es","@id":"https:\/\/saldousa.com\/?product=paquete-50-pares-armalo-gusto#primaryimage","url":"https:\/\/saldousa.com\/wp-content\/uploads\/2018\/01\/s-l1600-12.png","contentUrl":"https:\/\/saldousa.com\/wp-content\/uploads\/2018\/01\/s-l1600-12.png","width":1500,"height":1000},{"@type":"WebPage","@id":"https:\/\/saldousa.com\/?product=paquete-50-pares-armalo-gusto#webpage","url":"https:\/\/saldousa.com\/?product=paquete-50-pares-armalo-gusto","name":"Lote de 50 pares mixtos varias marcas - Saldousa.com","isPartOf":{"@id":"https:\/\/saldousa.com\/#website"},"primaryImageOfPage":{"@id":"https:\/\/saldousa.com\/?product=paquete-50-pares-armalo-gusto#primaryimage"},"datePublished":"2018-01-18T03:06:22+00:00","dateModified":"2025-01-08T07:07:11+00:00","breadcrumb":{"@id":"https:\/\/saldousa.com\/?product=paquete-50-pares-armalo-gusto#breadcrumb"},"inLanguage":"es","potentialAction":[{"@type":"ReadAction","target":["https:\/\/saldousa.com\/?product=paquete-50-pares-armalo-gusto"]}]},{"@type":"BreadcrumbList","@id":"https:\/\/saldousa.com\/?product=paquete-50-pares-armalo-gusto#breadcrumb","itemListElement":[{"@type":"ListItem","position":1,"name":"Portada","item":"https:\/\/saldousa.com\/"},{"@type":"ListItem","position":2,"name":"","item":"https:\/\/saldousa.com\/?page_id=4"},{"@type":"ListItem","position":3,"name":"Lote de 50 pares mixtos varias marcas"}]}]}},"_links":{"self":[{"href":"https:\/\/saldousa.com\/index.php?rest_route=\/wp\/v2\/product\/956"}],"collection":[{"href":"https:\/\/saldousa.com\/index.php?rest_route=\/wp\/v2\/product"}],"about":[{"href":"https:\/\/saldousa.com\/index.php?rest_route=\/wp\/v2\/types\/product"}],"replies":[{"embeddable":true,"href":"https:\/\/saldousa.com\/index.php?rest_route=%2Fwp%2Fv2%2Fcomments&post=956"}],"wp:featuredmedia":[{"embeddable":true,"href":"https:\/\/saldousa.com\/index.php?rest_route=\/wp\/v2\/media\/3658"}],"wp:attachment":[{"href":"https:\/\/saldousa.com\/index.php?rest_route=%2Fwp%2Fv2%2Fmedia&parent=956"}],"wp:term":[{"taxonomy":"product_cat","embeddable":true,"href":"https:\/\/saldousa.com\/index.php?rest_route=%2Fwp%2Fv2%2Fproduct_cat&post=956"},{"taxonomy":"product_tag","embeddable":true,"href":"https:\/\/saldousa.com\/index.php?rest_route=%2Fwp%2Fv2%2Fproduct_tag&post=956"}],"curies":[{"name":"wp","href":"https:\/\/api.w.org\/{rel}","templated":true}]}}